 + -156. Let q be (4/(-10))/((-9)/y). Let t(o) = -5*o + 1. Let i be t(q). What is the greatest common divisor of i and 44?
11
Suppose -2*u + 1631 - 1471 = 0. Calculate the highest common divisor of u and 320.
80
Suppose 1150 = 5*a + 5*c, 0*a + 4*a - 2*c = 896. Let o = -142 + 283. Let k = a - o. What is the highest common factor of k and 34?
17
Let c be (56/10)/((-48)/(-120)). Let v be (-4)/12 + (-192)/(-9). Calculate the highest common divisor of v and c.
7
Let z be (3/6)/(2/(-4)). Let t be 9*9 - (2 + z). Let i = -382 - -392. What is the greatest common factor of t and i?
10
Let a(v) = 22*v. Suppose -9 = -z - 2*z, 0 = -4*p - 4*z + 32. Let t be a(p). Calculate the greatest common factor of t and 22.
22
Suppose -7*o + 12*o - 5*v = 245, -2*v + 90 = 2*o. Calculate the greatest common divisor of 1739 and o.
47
Suppose 11*q = 21*q - 30. Suppose q*v = 5*k + 2*v - 140, 0 = 5*v. What is the highest common divisor of k and 196?
28
Let y = 412 + -137. What is the highest common divisor of 33 and y?
11
Let a(o) = -2 + 25*o**2 + 19*o + 14*o - 34*o. Let t be a(-1). Calculate the greatest common factor of 6 and t.
6
Let c = 9 + -5. Let m(p) = -p**3 - 7*p**2 - 7*p - 32. Let g be m(-7). Suppose -16*w = -g*w + 28. What is the highest common factor of c and w?
4
Suppose 8*h - 611 + 363 = 0. What is the greatest common divisor of 1023 and h?
31
Let l = -860 + 934. Calculate the highest common divisor of l and 2368.
74
Let r(a) = 13*a**2 - 4*a - 3. Let d be r(4). Suppose 4*b - d = b. Calculate the highest common divisor of b and 27.
9
Let j = -2502 + 2506. What is the greatest common factor of j and 2116?
4
Suppose 4*d = -3*o - 13, 7 = -o - 4*o - 3*d. Let i be 361 + (o - 2) - 3. Calculate the highest common divisor of i and 51.
51
Let g = 863 - 860. What is the highest common factor of g and 49?
1
Let x be (1 - 2) + 1 + 1. Let i be -7 + (-1 - (x + 0)). Let l = i + 34. Calculate the highest common divisor of l and 10.
5
Let t(u) = -5*u**2 + 15*u + 8. Let g(d) = -15*d**2 + 47*d + 23. Let j(v) = -3*g(v) + 8*t(v). Let z be j(5). What is the greatest common divisor of z and 12?
3
Let y = 80 - 46. Suppose y = -11*j + 133. Calculate the highest common factor of j and 9.
9
Let v be 3 + -5 + 629/1. Calculate the greatest common divisor of 33 and v.
33
Let s(i) = -i**3 - 13*i**2 - 22*i + 3. Let t be s(-11). Calculate the greatest common factor of 57 and t.
3
Let r(f) be the third derivative of f**6/120 + 7*f**3/3 + f**2. Let h be r(0). What is the highest common factor of h and 14?
14
Let g = 498 - 26. What is the highest common divisor of 59 and g?
59
Let d = 138 - 132. Calculate the highest common divisor of 51 and d.
3
Let p be 5964/22 - 18/198. Suppose -2*b = -3 - 3. Suppose -b*u - 2 = -u, -z + u + p = 0. Calculate the highest common divisor of z and 30.
30
Suppose 8*m = -2 - 6. Let v be m + (2 - (-2 + -30 + 1)). Calculate the greatest common factor of v and 32.
32
Suppose -86*i = -91*i + 330. What is the highest common divisor of 132 and i?
66
Let o(f) = 2*f - 2*f - 2*f - 14*f**3 + f**2. Let v be o(-2). Let m be 16 + 5/(-8 - -3). What is the highest common factor of m and v?
15
Suppose 6*a = a - 15. Let q be (-3 - -21) + a - 0. Calculate the greatest common factor of q and 60.
15
Let v be 2*(162/30 + 12/(-30)). Suppose 2*x = 174 + 266. Let s be ((-2)/(-4) - 0)*x. Calculate the greatest common factor of s and v.
10
Let g = -33 - -21. Let v = g - -31. Suppose -2*o + 51 = v. What is the highest common divisor of o and 4?
4
Let j be -1 + (-8)/(-16) - 6105/(-30). Let t be (-8)/((-1)/((-4)/(-2))). Suppose -o + 45 = t. What is the highest common divisor of o and j?
29
Let m(l) be the third derivative of l**5/60 + 7*l**4/12 + 11*l**3/6 - 41*l**2 - l. Let k be m(8). What is the greatest common divisor of 17 and k?
17
Suppose p - 799 = -4*g + 432, 0 = 2*p + 5*g - 2450. What is the highest common factor of p and 45?
45
Let v(d) be the first derivative of -d**3/3 - 13*d**2/2 - 4*d - 9. Let f be v(-12). Calculate the highest common divisor of 20 and f.
4
Let w be (-23)/69 - (1 + (-848)/6). Let v = -110 + w. Suppose 4*s + 62 = n - 32, 5*n - 5*s = 455. Calculate the highest common factor of n and v.
30
Let j = -48 + 110. Let l(m) = -4*m - 12. Let r be l(-4). Suppose -p = -5*u - 0*p + 154, -119 = -r*u + 5*p. Calculate the highest common factor of j and u.
31
Suppose -150 = 6*d - 3*d. Let p = 86 + d. Calculate the greatest common divisor of p and 18.
18
Let t be (-8 - 6)/(1/(-7)). Let c = t + -21. Suppose 0*p = p - c. Calculate the greatest common factor of 7 and p.
7
Let o(k) be the third derivative of -k**6/60 + k**5/30 + k**4/12 - 5*k**2. Let r be o(-2). Calculate the highest common factor of r and 10.
10
Suppose 610 + 254 = 12*i. What is the greatest common divisor of i and 16?
8
Let i(c) = -9*c**3 - c**2 - 3*c - 2. Let t be (1 + 2)/(0 + 1). Suppose 4 = s - t*s. Let a be i(s). What is the greatest common factor of 8 and a?
8
Let p be 8/12 + -5 + 2/6. Let s be (-40)/(-15)*(-1)/p*27. Let r be (10 - -2)*(-6)/(-8). What is the highest common factor of r and s?
9
Let f = -232 + 242. What is the greatest common divisor of 125 and f?
5
Suppose 0*r + 3*r = 39. Let x = 69 - -86. Suppose 584 - x = 3*q. Calculate the highest common factor of q and r.
13
Let c(s) be the first derivative of 15*s**2/2 - 10*s + 1. Suppose 24 = -15*b + 18*b. Let i be c(b). Calculate the greatest common factor of 10 and i.
10
Let l(u) be the second derivative of u**5/20 + 2*u**4/3 + u**3 - u**2/2 - 26*u. Let w be l(-7). Calculate the greatest common factor of w and 6.
6
Let f(u) = -20*u**3. Let c be f(-1). Suppose 3*h = h + c. Calculate the greatest common divisor of 5 and h.
5
Let a = -79 - -116. Let l(u) = u**3 - 4*u**2 + 18*u - 67. Let z be l(8). What is the greatest common factor of a and z?
37
Let x = 834 - 416. What is the greatest common factor of x and 38?
38
Suppose t = 4*s - s - 5, -4*s + 32 = 5*t. Let o(w) = 14*w - 21. Let k be o(t). What is the greatest common factor of k and 14?
7
Suppose 3*f - 4 = 2*f, 4*a - 2*f = 212. Let r = a - -13. Calculate the greatest common divisor of 17 and r.
17
Let w(p) = -6*p + 72. Let k be w(-9). Calculate the highest common factor of k and 28.
14
Let z = 64 - 38. Suppose -1495 = -30*o + 455. Calculate the greatest common divisor of o and z.
13
Suppose 0 = x - 4*x + 9. Let f(l) = -6*l - 3 - 16*l + x - 11. Let r be f(-5). What is the greatest common factor of 9 and r?
9
Suppose 0 = 5*o - 5*x - 9930, 3*x = -2*x + 10. Calculate the greatest common divisor of o and 28.
28
Let v = 76 + -320. Suppose -l + 48 = 2*l. Let g be 2/(-8) - v/l. Calculate the greatest common divisor of 135 and g.
15
Let k(t) = -t**3 - 28*t**2 - 32*t - 45. Let z be k(-27). Calculate the greatest common factor of 585 and z.
45
Suppose f + 7*f = -10*f. Suppose -4*j + 20 = f, 2*o - 88 = -o - 5*j. Calculate the highest common divisor of o and 63.
21
Suppose -140 = -5*r + 50. What is the greatest common divisor of 76 and r?
38
Let u be (2/(-2) + -1)/1. Let v be (1/2)/(u/(-576)). What is the highest common divisor of v and 18?
18
Suppose -172 - 2260 = -4*t. Let l be (27/12)/(12/t). Calculate the highest common factor of l and 76.
38
Suppose -2*o = -3 - 11. Suppose -75 = -o*i + 2*i. Let f be 135/2*(-12)/(-6). Calculate the highest common factor of i and f.
15
Let j be (-25)/1 - (-4 - 0). Let v be j/42 + (-2493)/(-2). Let c be v/16 - 11/(-88). Calculate the highest common divisor of 52 and c.
26
Let y = -1214 + 1501. What is the greatest common factor of 369 and y?
41
Let i = -13 - -17. Suppose 2*l - 3*o = 17, i*l = -3*o + 23 + 20. What is the highest common factor of l and 10?
10
Suppose -3*d + 15 = -30. Let c be (-1 + 2 - -3) + d. What is the highest common factor of c and 152?
19
Let n = 34 + -228. Let k be 1 - (2 + 3) - n. What is the highest common factor of k and 38?
38
Suppose p - 5*p - 4*b + 2228 = 0, 3*b + 1641 = 3*p. Let i = p + -368. What is the highest common factor of 23 and i?
23
Let k = -20 - -44. Let g be 179/8 - 9/k. What is the greatest common divisor of g and 220?
22
Suppose 0 = s - 4*u - 2201, -3*s + 7*s + u = 8719. Suppose -17 = -2*b - s. Let z be (-3)/15 + b/(-10). Calculate the highest common factor of 12 and z.
12
Suppose 6686 + 6242 = 8*u. What is the highest common divisor of 101 